ate the remainder when 553 is divided by 84.
49
What is the remainder when 141 is divided by 51?
39
Calculate the remainder when 100 is divided by 26.
22
Calculate the remainder when 9377 is divided by 53.
49
What is the remainder when 154 is divided by 26?
24
Calculate the remainder when 5372 is divided by 25.
22
Calculate the remainder when 61 is divided by 9.
7
What is the remainder when 91 is divided by 31?
29
What is the remainder when 51 is divided by 21?
9
Calculate the remainder when 138 is divided by 48.
42
What is the remainder when 152 is divided by 51?
50
Calculate the remainder when 4137 is divided by 50.
37
What is the remainder when 224 is divided by 75?
74
Calculate the remainder when 459 is divided by 246.
213
Calculate the remainder when 117 is divided by 58.
1
What is the remainder when 707 is divided by 25?
7
Calculate the remainder when 242 is divided by 239.
3
What is the remainder when 2472 is divided by 27?
15
Calculate the remainder when 92 is divided by 52.
40
Calculate the remainder when 853 is divided by 8.
5
Calculate the remainder when 350 is divided by 341.
9
Calculate the remainder when 351 is divided by 336.
15
What is the remainder when 1604 is divided by 8?
4
What is the remainder when 1891 is divided by 13?
6
What is the remainder when 176 is divided by 41?
12
What is the remainder when 198 is divided by 184?
14
Calculate the remainder when 1129 is divided by 103.
99
Calculate the remainder when 156 is divided by 80.
76
Calculate the remainder when 3818 is divided by 56.
10
What is the remainder when 140 is divided by 18?
14
Calculate the remainder when 286 is divided by 48.
46
Calculate the remainder when 4721 is divided by 105.
101
Calculate the remainder when 1738 is divided by 10.
8
Calculate the remainder when 553 is divided by 111.
109
Calculate the remainder when 333 is divided by 35.
18
What is the remainder when 108 is divided by 33?
9
Calculate the remainder when 876 is divided by 22.
18
What is the remainder when 10886 is divided by 242?
238
What is the remainder when 197 is divided by 29?
23
What is the remainder when 104 is divided by 54?
50
What is the remainder when 149 is divided by 38?
35
What is the remainder when 16497 is divided by 33?
30
Calculate the remainder when 6717 is divided by 80.
77
Calculate the remainder when 365 is divided by 48.
29
What is the remainder when 2273 is divided by 20?
13
What is the remainder when 681 is divided by 12?
9
What is the remainder when 172 is divided by 29?
27
Calculate the remainder when 127 is divided by 29.
11
What is the remainder when 12613 is divided by 119?
118
Calculate the remainder when 576 is divided by 116.
112
What is the remainder when 11971 is divided by 164?
163
What is the remainder when 83 is divided by 31?
21
Calculate the remainder when 62 is divided by 9.
8
What is the remainder when 16467 is divided by 43?
41
Calculate the remainder when 5102 is divided by 29.
27
What is the remainder when 66 is divided by 10?
6
Calculate the remainder when 2788 is divided by 155.
153
Calculate the remainder when 145 is divided by 1.
0
Calculate the remainder when 374 is divided by 193.
181
Calculate the remainder when 7890 is divided by 50.
40
What is the remainder when 1931 is divided by 46?
45
Calculate the remainder when 537 is divided by 536.
1
Calculate the remainder when 195 is divided by 11.
8
Calculate the remainder when 73 is divided by 27.
19
Calculate the remainder when 745 is divided by 32.
9
Calculate the remainder when 126 is divided by 10.
6
What is the remainder when 4043 is divided by 253?
248
What is the remainder when 9562 is divided by 131?
130
What is the remainder when 17009 is divided by 81?
80
Calculate the remainder when 523 is divided by 25.
23
What is the remainder when 409 is divided by 65?
19
Calculate the remainder when 90 is divided by 38.
14
Calculate the remainder when 2858 is divided by 220.
218
What is the remainder when 6551 is divided by 39?
38
What is the remainder when 6372 is divided by 8?
4
Calculate the remainder when 811 is divided by 394.
23
Calculate the remainder when 104 is divided by 33.
5
What is the remainder when 987 is divided by 131?
70
What is the remainder when 18 is divided by 14?
4
Calculate the remainder when 8004 is divided by 65.
9
What is the remainder when 257 is divided by 192?
65
What is the remainder when 1259 is divided by 57?
5
What is the remainder when 833 is divided by 27?
23
Calculate the remainder when 2428 is divided by 351.
322
What is the remainder when 4871 is divided by 15?
11
What is the remainder when 2097 is divided by 70?
67
What is the remainder when 989 is divided by 9?
8
What is the remainder when 1134 is divided by 16?
14
What is the remainder when 1128 is divided by 126?
120
Calculate the remainder when 809 is divided by 4.
1
What is the remainder when 88 is divided by 63?
25
What is the remainder when 16442 is divided by 65?
62
What is the remainder when 915 is divided by 12?
3
What is the remainder when 109 is divided by 56?
53
What is the remainder when 58 is divided by 11?
3
Calculate the remainder when 4404 is divided by 29.
25
Calculate the remainder when 292 is divided by 35.
12
What is the remainder when 8563 is divided by 13?
9
What is the remainder when 845 is divided by 61?
52
What is the remainder when 1416 is divided by 165?
96
Calculate the remainder when 586 is divided by 58.
6
What is the remainder when 4611 is divided by 178?
161
What is the remainder when 127 is divided by 67?
60
What is the remainder when 276 is divided by 153?
123
What is the remainder when 568 is divided by 46?
16
What is the remainder when 129 is divided by 41?
6
What is the remainder when 364 is divided by 164?
36
Calculate the remainder when 8513 is divided by 99.
98
What is the remainder when 63 is divided by 12?
3
What is the remainder when 555 is divided by 31?
28
What is the remainder when 29 is divided by 15?
14
Calculate the remainder when 406 is divided by 17.
15
Calculate the remainder when 217 is divided by 16.
9
What is the remainder when 313 is divided by 63?
61
What is the remainder when 69 is divided by 28?
13
What is the remainder when 13448 is divided by 25?
23
What is the remainder when 566 is divided by 21?
20
Calculate the remainder when 255 is divided by 43.
40
What is the remainder when 1456 is divided by 480?
16
What is the remainder when 56 is divided by 22?
12
What is the remainder when 254 is divided by 243?
11
Calculate the remainder when 1115 is divided by 13.
10
Calculate the remainder when 1138 is divided by 15.
13
Calculate the remainder when 610 is divided by 149.
14
What is the remainder when 127 is divided by 5?
2
What is the remainder when 35 is divided by 9?
8
What is the remainder when 52 is divided by 20?
12
Calculate the remainder when 977 is divided by 85.
42
What is the remainder when 178 is divided by 20?
18
Calculate the remainder when 73 is divided by 23.
4
Calculate the remainder when 29 is divided by 8.
5
Calculate the remainder when 75 is divided by 73.
2
Calculate the remainder when 212 is divided by 24.
20
What is the remainder when 185 is divided by 16?
9
Calculate the remainder when 180 is divided by 55.
15
What is the remainder when 813 is divided by 59?
46
What is the remainder when 41 is divided by 9?
5
What is the remainder when 161 is divided by 57?
47
What is the remainder when 168 is divided by 61?
46
What is the remainder when 36 is divided by 19?
17
Calculate the remainder when 514 is divided by 17.
4
What is the remainder when 870 is divided by 42?
30
Calculate the remainder when 27 is divided by 19.
8
What is the remainder when 102 is divided by 38?
26
Calculate the remainder when 1568 is divided by 259.
14
Calculate the remainder when 730 is divided by 248.
234
What is the remainder when 155 is divided by 80?
75
What is the remainder when 3260 is divided by 83?
23
What is the remainder when 357 is divided by 345?
12
What is the remainder when 2427 is divided by 110?
7
Calculate the remainder when 289 is divided by 277.
12
Calculate the remainder when 353 is divided by 74.
57
Calculate the remainder when 386 is divided by 99.
89
Calculate the remainder when 56 is divided by 29.
27
What is the remainder whe